{"id":4098,"date":"2023-08-18T16:16:02","date_gmt":"2023-08-18T14:16:02","guid":{"rendered":"https:\/\/grow-tdc.com\/?post_type=portfolio&#038;p=4098"},"modified":"2024-08-28T10:28:34","modified_gmt":"2024-08-28T08:28:34","slug":"de-pro","status":"publish","type":"portfolio","link":"https:\/\/grow-tdc.com\/en\/portfolio\/de-pro\/","title":{"rendered":"de Pr\u00f3 Cava"},"content":{"rendered":"<div class=\"grid kcm\">\n<div class=\"grid__item one-whole portable--auto lap--auto palm--auto top-no-padding bottom-no-padding \" data-style=\"\">\n<p><img loading=\"lazy\" decoding=\"async\" class=\"aligncenter size-full wp-image-4099\" src=\"https:\/\/grow-tdc.com\/wp-content\/uploads\/2023\/08\/depro-cava.jpg\" alt=\"Dise\u00f1o etiqueta cava\" width=\"1134\" height=\"825\" srcset=\"https:\/\/grow-tdc.com\/wp-content\/uploads\/2023\/08\/depro-cava.jpg 1134w, https:\/\/grow-tdc.com\/wp-content\/uploads\/2023\/08\/depro-cava-300x218.jpg 300w, https:\/\/grow-tdc.com\/wp-content\/uploads\/2023\/08\/depro-cava-1024x745.jpg 1024w, https:\/\/grow-tdc.com\/wp-content\/uploads\/2023\/08\/depro-cava-768x559.jpg 768w\" sizes=\"auto, (max-width: 1134px) 100vw, 1134px\" \/><\/p>\n<\/div>\n<\/div>\n","protected":false},"excerpt":{"rendered":"","protected":false},"author":1,"featured_media":4099,"comment_status":"closed","ping_status":"closed","template":"","meta":{"inline_featured_image":false,"footnotes":""},"class_list":["post-4098","portfolio","type-portfolio","status-publish","has-post-thumbnail","hentry","portfolio_tag-cava","portfolio_tag-cavalabeldesign","portfolio_tag-de-pro","portfolio_tag-diseno-etiqueta-cava","portfolio_tag-disenodecava","portfolio_tag-disenodeetiqueta","portfolio_tag-etiqueta-cava","portfolio_tag-etiqueta-premium","portfolio_tag-etiquetadecava","portfolio_tag-labeldesign","portfolio_tag-sparklingwinelabel","portfolio_category-diseno-etiqueta-espumoso"],"acf":[],"yoast_head":"<!-- This site is optimized with the Yoast SEO plugin v26.5 - https:\/\/yoast.com\/wordpress\/plugins\/seo\/ -->\n<title>Dise\u00f1o etiqueta de Cava de Pr\u00f3<\/title>\n<meta name=\"description\" content=\"Dise\u00f1o etiqueta de Pr\u00f3 de la Denominaci\u00f3n de Origen Cava. Restyling de la gama de Pr\u00f3. De Pr\u00f3 Brut, Brut Nature y Brut Organic. El restyling del cava De Pr\u00f3 ha sido todo un reto. Con el lema &#039;convierte cada ocasi\u00f3n en una celebraci\u00f3n&#039; hemos conseguido transmitir la elegancia y la delicadeza de este vino espumoso y refrescante.\" \/>\n<meta name=\"robots\" content=\"index, follow, max-snippet:-1, max-image-preview:large, max-video-preview:-1\" \/>\n<link rel=\"canonical\" href=\"https:\/\/grow-tdc.com\/portfolio\/de-pro\/\" \/>\n<meta property=\"og:locale\" content=\"en_US\" \/>\n<meta property=\"og:type\" content=\"article\" \/>\n<meta property=\"og:title\" content=\"Dise\u00f1o etiqueta de Cava de Pr\u00f3\" \/>\n<meta property=\"og:description\" content=\"Dise\u00f1o etiqueta de Pr\u00f3 de la Denominaci\u00f3n de Origen Cava. Restyling de la gama de Pr\u00f3. De Pr\u00f3 Brut, Brut Nature y Brut Organic. El restyling del cava De Pr\u00f3 ha sido todo un reto. Con el lema &#039;convierte cada ocasi\u00f3n en una celebraci\u00f3n&#039; hemos conseguido transmitir la elegancia y la delicadeza de este vino espumoso y refrescante.\" \/>\n<meta property=\"og:url\" content=\"https:\/\/grow-tdc.com\/portfolio\/de-pro\/\" \/>\n<meta property=\"og:site_name\" content=\"Grow\" \/>\n<meta property=\"article:modified_time\" content=\"2024-08-28T08:28:34+00:00\" \/>\n<meta property=\"og:image\" content=\"https:\/\/grow-tdc.com\/wp-content\/uploads\/2023\/08\/depro-cava.jpg\" \/>\n\t<meta property=\"og:image:width\" content=\"1134\" \/>\n\t<meta property=\"og:image:height\" content=\"825\" \/>\n\t<meta property=\"og:image:type\" content=\"image\/jpeg\" \/>\n<meta name=\"twitter:card\" content=\"summary_large_image\" \/>\n<meta name=\"twitter:label1\" content=\"Est. reading time\" \/>\n\t<meta name=\"twitter:data1\" content=\"1 minute\" \/>\n<script type=\"application\/ld+json\" class=\"yoast-schema-graph\">{\"@context\":\"https:\/\/schema.org\",\"@graph\":[{\"@type\":\"WebPage\",\"@id\":\"https:\/\/grow-tdc.com\/portfolio\/de-pro\/\",\"url\":\"https:\/\/grow-tdc.com\/portfolio\/de-pro\/\",\"name\":\"Dise\u00f1o etiqueta de Cava de Pr\u00f3\",\"isPartOf\":{\"@id\":\"https:\/\/grow-tdc.com\/#website\"},\"primaryImageOfPage\":{\"@id\":\"https:\/\/grow-tdc.com\/portfolio\/de-pro\/#primaryimage\"},\"image\":{\"@id\":\"https:\/\/grow-tdc.com\/portfolio\/de-pro\/#primaryimage\"},\"thumbnailUrl\":\"https:\/\/grow-tdc.com\/wp-content\/uploads\/2023\/08\/depro-cava.jpg\",\"datePublished\":\"2023-08-18T14:16:02+00:00\",\"dateModified\":\"2024-08-28T08:28:34+00:00\",\"description\":\"Dise\u00f1o etiqueta de Pr\u00f3 de la Denominaci\u00f3n de Origen Cava. Restyling de la gama de Pr\u00f3. De Pr\u00f3 Brut, Brut Nature y Brut Organic. El restyling del cava De Pr\u00f3 ha sido todo un reto. Con el lema 'convierte cada ocasi\u00f3n en una celebraci\u00f3n' hemos conseguido transmitir la elegancia y la delicadeza de este vino espumoso y refrescante.\",\"breadcrumb\":{\"@id\":\"https:\/\/grow-tdc.com\/portfolio\/de-pro\/#breadcrumb\"},\"inLanguage\":\"en-US\",\"potentialAction\":[{\"@type\":\"ReadAction\",\"target\":[\"https:\/\/grow-tdc.com\/portfolio\/de-pro\/\"]}]},{\"@type\":\"ImageObject\",\"inLanguage\":\"en-US\",\"@id\":\"https:\/\/grow-tdc.com\/portfolio\/de-pro\/#primaryimage\",\"url\":\"https:\/\/grow-tdc.com\/wp-content\/uploads\/2023\/08\/depro-cava.jpg\",\"contentUrl\":\"https:\/\/grow-tdc.com\/wp-content\/uploads\/2023\/08\/depro-cava.jpg\",\"width\":1134,\"height\":825,\"caption\":\"Dise\u00f1o etiqueta cava\"},{\"@type\":\"BreadcrumbList\",\"@id\":\"https:\/\/grow-tdc.com\/portfolio\/de-pro\/#breadcrumb\",\"itemListElement\":[{\"@type\":\"ListItem\",\"position\":1,\"name\":\"Home\",\"item\":\"https:\/\/grow-tdc.com\/en\/\"},{\"@type\":\"ListItem\",\"position\":2,\"name\":\"Portfolio\",\"item\":\"https:\/\/grow-tdc.com\/en\/portfolio\/\"},{\"@type\":\"ListItem\",\"position\":3,\"name\":\"de Pr\u00f3 Cava\"}]},{\"@type\":\"WebSite\",\"@id\":\"https:\/\/grow-tdc.com\/#website\",\"url\":\"https:\/\/grow-tdc.com\/\",\"name\":\"Grow - Dise\u00f1o de etiquetas de vino\",\"description\":\"Estudio de dise\u00f1o especializado en el mundo del vino y gourmet\",\"publisher\":{\"@id\":\"https:\/\/grow-tdc.com\/#organization\"},\"potentialAction\":[{\"@type\":\"SearchAction\",\"target\":{\"@type\":\"EntryPoint\",\"urlTemplate\":\"https:\/\/grow-tdc.com\/?s={search_term_string}\"},\"query-input\":{\"@type\":\"PropertyValueSpecification\",\"valueRequired\":true,\"valueName\":\"search_term_string\"}}],\"inLanguage\":\"en-US\"},{\"@type\":\"Organization\",\"@id\":\"https:\/\/grow-tdc.com\/#organization\",\"name\":\"Grow Disseny i Comunicaci\u00f3 S.L.\",\"url\":\"https:\/\/grow-tdc.com\/\",\"logo\":{\"@type\":\"ImageObject\",\"inLanguage\":\"en-US\",\"@id\":\"https:\/\/grow-tdc.com\/#\/schema\/logo\/image\/\",\"url\":\"https:\/\/grow-tdc.com\/wp-content\/uploads\/2022\/01\/logo-grow.svg\",\"contentUrl\":\"https:\/\/grow-tdc.com\/wp-content\/uploads\/2022\/01\/logo-grow.svg\",\"width\":\"1024\",\"height\":\"1024\",\"caption\":\"Grow Disseny i Comunicaci\u00f3 S.L.\"},\"image\":{\"@id\":\"https:\/\/grow-tdc.com\/#\/schema\/logo\/image\/\"},\"sameAs\":[\"https:\/\/www.instagram.com\/growdissenyicomunicacio\/\",\"https:\/\/www.pinterest.es\/growtdc\/\"]}]}<\/script>\n<!-- \/ Yoast SEO plugin. -->","yoast_head_json":{"title":"Dise\u00f1o etiqueta de Cava de Pr\u00f3","description":"Dise\u00f1o etiqueta de Pr\u00f3 de la Denominaci\u00f3n de Origen Cava. Restyling de la gama de Pr\u00f3. De Pr\u00f3 Brut, Brut Nature y Brut Organic. El restyling del cava De Pr\u00f3 ha sido todo un reto. Con el lema 'convierte cada ocasi\u00f3n en una celebraci\u00f3n' hemos conseguido transmitir la elegancia y la delicadeza de este vino espumoso y refrescante.","robots":{"index":"index","follow":"follow","max-snippet":"max-snippet:-1","max-image-preview":"max-image-preview:large","max-video-preview":"max-video-preview:-1"},"canonical":"https:\/\/grow-tdc.com\/portfolio\/de-pro\/","og_locale":"en_US","og_type":"article","og_title":"Dise\u00f1o etiqueta de Cava de Pr\u00f3","og_description":"Dise\u00f1o etiqueta de Pr\u00f3 de la Denominaci\u00f3n de Origen Cava. Restyling de la gama de Pr\u00f3. De Pr\u00f3 Brut, Brut Nature y Brut Organic. El restyling del cava De Pr\u00f3 ha sido todo un reto. Con el lema 'convierte cada ocasi\u00f3n en una celebraci\u00f3n' hemos conseguido transmitir la elegancia y la delicadeza de este vino espumoso y refrescante.","og_url":"https:\/\/grow-tdc.com\/portfolio\/de-pro\/","og_site_name":"Grow","article_modified_time":"2024-08-28T08:28:34+00:00","og_image":[{"width":1134,"height":825,"url":"https:\/\/grow-tdc.com\/wp-content\/uploads\/2023\/08\/depro-cava.jpg","type":"image\/jpeg"}],"twitter_card":"summary_large_image","twitter_misc":{"Est. reading time":"1 minute"},"schema":{"@context":"https:\/\/schema.org","@graph":[{"@type":"WebPage","@id":"https:\/\/grow-tdc.com\/portfolio\/de-pro\/","url":"https:\/\/grow-tdc.com\/portfolio\/de-pro\/","name":"Dise\u00f1o etiqueta de Cava de Pr\u00f3","isPartOf":{"@id":"https:\/\/grow-tdc.com\/#website"},"primaryImageOfPage":{"@id":"https:\/\/grow-tdc.com\/portfolio\/de-pro\/#primaryimage"},"image":{"@id":"https:\/\/grow-tdc.com\/portfolio\/de-pro\/#primaryimage"},"thumbnailUrl":"https:\/\/grow-tdc.com\/wp-content\/uploads\/2023\/08\/depro-cava.jpg","datePublished":"2023-08-18T14:16:02+00:00","dateModified":"2024-08-28T08:28:34+00:00","description":"Dise\u00f1o etiqueta de Pr\u00f3 de la Denominaci\u00f3n de Origen Cava. Restyling de la gama de Pr\u00f3. De Pr\u00f3 Brut, Brut Nature y Brut Organic. El restyling del cava De Pr\u00f3 ha sido todo un reto. Con el lema 'convierte cada ocasi\u00f3n en una celebraci\u00f3n' hemos conseguido transmitir la elegancia y la delicadeza de este vino espumoso y refrescante.","breadcrumb":{"@id":"https:\/\/grow-tdc.com\/portfolio\/de-pro\/#breadcrumb"},"inLanguage":"en-US","potentialAction":[{"@type":"ReadAction","target":["https:\/\/grow-tdc.com\/portfolio\/de-pro\/"]}]},{"@type":"ImageObject","inLanguage":"en-US","@id":"https:\/\/grow-tdc.com\/portfolio\/de-pro\/#primaryimage","url":"https:\/\/grow-tdc.com\/wp-content\/uploads\/2023\/08\/depro-cava.jpg","contentUrl":"https:\/\/grow-tdc.com\/wp-content\/uploads\/2023\/08\/depro-cava.jpg","width":1134,"height":825,"caption":"Dise\u00f1o etiqueta cava"},{"@type":"BreadcrumbList","@id":"https:\/\/grow-tdc.com\/portfolio\/de-pro\/#breadcrumb","itemListElement":[{"@type":"ListItem","position":1,"name":"Home","item":"https:\/\/grow-tdc.com\/en\/"},{"@type":"ListItem","position":2,"name":"Portfolio","item":"https:\/\/grow-tdc.com\/en\/portfolio\/"},{"@type":"ListItem","position":3,"name":"de Pr\u00f3 Cava"}]},{"@type":"WebSite","@id":"https:\/\/grow-tdc.com\/#website","url":"https:\/\/grow-tdc.com\/","name":"Grow - Dise\u00f1o de etiquetas de vino","description":"Estudio de dise\u00f1o especializado en el mundo del vino y gourmet","publisher":{"@id":"https:\/\/grow-tdc.com\/#organization"},"potentialAction":[{"@type":"SearchAction","target":{"@type":"EntryPoint","urlTemplate":"https:\/\/grow-tdc.com\/?s={search_term_string}"},"query-input":{"@type":"PropertyValueSpecification","valueRequired":true,"valueName":"search_term_string"}}],"inLanguage":"en-US"},{"@type":"Organization","@id":"https:\/\/grow-tdc.com\/#organization","name":"Grow Disseny i Comunicaci\u00f3 S.L.","url":"https:\/\/grow-tdc.com\/","logo":{"@type":"ImageObject","inLanguage":"en-US","@id":"https:\/\/grow-tdc.com\/#\/schema\/logo\/image\/","url":"https:\/\/grow-tdc.com\/wp-content\/uploads\/2022\/01\/logo-grow.svg","contentUrl":"https:\/\/grow-tdc.com\/wp-content\/uploads\/2022\/01\/logo-grow.svg","width":"1024","height":"1024","caption":"Grow Disseny i Comunicaci\u00f3 S.L."},"image":{"@id":"https:\/\/grow-tdc.com\/#\/schema\/logo\/image\/"},"sameAs":["https:\/\/www.instagram.com\/growdissenyicomunicacio\/","https:\/\/www.pinterest.es\/growtdc\/"]}]}},"_links":{"self":[{"href":"https:\/\/grow-tdc.com\/en\/wp-json\/wp\/v2\/portfolio\/4098","targetHints":{"allow":["GET"]}}],"collection":[{"href":"https:\/\/grow-tdc.com\/en\/wp-json\/wp\/v2\/portfolio"}],"about":[{"href":"https:\/\/grow-tdc.com\/en\/wp-json\/wp\/v2\/types\/portfolio"}],"author":[{"embeddable":true,"href":"https:\/\/grow-tdc.com\/en\/wp-json\/wp\/v2\/users\/1"}],"replies":[{"embeddable":true,"href":"https:\/\/grow-tdc.com\/en\/wp-json\/wp\/v2\/comments?post=4098"}],"version-history":[{"count":3,"href":"https:\/\/grow-tdc.com\/en\/wp-json\/wp\/v2\/portfolio\/4098\/revisions"}],"predecessor-version":[{"id":4277,"href":"https:\/\/grow-tdc.com\/en\/wp-json\/wp\/v2\/portfolio\/4098\/revisions\/4277"}],"wp:featuredmedia":[{"embeddable":true,"href":"https:\/\/grow-tdc.com\/en\/wp-json\/wp\/v2\/media\/4099"}],"wp:attachment":[{"href":"https:\/\/grow-tdc.com\/en\/wp-json\/wp\/v2\/media?parent=4098"}],"curies":[{"name":"wp","href":"https:\/\/api.w.org\/{rel}","templated":true}]}}

de Pró Cava

<div class="grid kcm">
<div class="grid__item one-whole portable--auto lap--auto palm--auto top-no-padding bottom-no-padding " data-style="">
<p><img loading="lazy" decoding="async" class="aligncenter size-full wp-image-4099" src="https://grow-tdc.com/wp-content/uploads/2023/08/depro-cava.jpg" alt="Diseño etiqueta cava" width="1134" height="825" srcset="https://grow-tdc.com/wp-content/uploads/2023/08/depro-cava.jpg 1134w, https://grow-tdc.com/wp-content/uploads/2023/08/depro-cava-300x218.jpg 300w, https://grow-tdc.com/wp-content/uploads/2023/08/depro-cava-1024x745.jpg 1024w, https://grow-tdc.com/wp-content/uploads/2023/08/depro-cava-768x559.jpg 768w" sizes="auto, (max-width: 1134px) 100vw, 1134px" /></p>
</div>
</div>

<!-- This site is optimized with the Yoast SEO plugin v26.5 - https://yoast.com/wordpress/plugins/seo/ -->
<title>Diseño etiqueta de Cava de Pró</title>
<meta name="description" content="Diseño etiqueta de Pró de la Denominación de Origen Cava. Restyling de la gama de Pró. De Pró Brut, Brut Nature y Brut Organic. El restyling del cava De Pró ha sido todo un reto. Con el lema &#039;convierte cada ocasión en una celebración&#039; hemos conseguido transmitir la elegancia y la delicadeza de este vino espumoso y refrescante." />
<meta name="robots" content="index, follow, max-snippet:-1, max-image-preview:large, max-video-preview:-1" />
<link rel="canonical" href="https://grow-tdc.com/portfolio/de-pro/" />
<meta property="og:locale" content="en_US" />
<meta property="og:type" content="article" />
<meta property="og:title" content="Diseño etiqueta de Cava de Pró" />
<meta property="og:description" content="Diseño etiqueta de Pró de la Denominación de Origen Cava. Restyling de la gama de Pró. De Pró Brut, Brut Nature y Brut Organic. El restyling del cava De Pró ha sido todo un reto. Con el lema &#039;convierte cada ocasión en una celebración&#039; hemos conseguido transmitir la elegancia y la delicadeza de este vino espumoso y refrescante." />
<meta property="og:url" content="https://grow-tdc.com/portfolio/de-pro/" />
<meta property="og:site_name" content="Grow" />
<meta property="article:modified_time" content="2024-08-28T08:28:34+00:00" />
<meta property="og:image" content="https://grow-tdc.com/wp-content/uploads/2023/08/depro-cava.jpg" />
	<meta property="og:image:width" content="1134" />
	<meta property="og:image:height" content="825" />
	<meta property="og:image:type" content="image/jpeg" />
<meta name="twitter:card" content="summary_large_image" />
<meta name="twitter:label1" content="Est. reading time" />
	<meta name="twitter:data1" content="1 minute" />
<script type="application/ld+json" class="yoast-schema-graph">{"@context":"https://schema.org","@graph":[{"@type":"WebPage","@id":"https://grow-tdc.com/portfolio/de-pro/","url":"https://grow-tdc.com/portfolio/de-pro/","name":"Diseño etiqueta de Cava de Pró","isPartOf":{"@id":"https://grow-tdc.com/#website"},"primaryImageOfPage":{"@id":"https://grow-tdc.com/portfolio/de-pro/#primaryimage"},"image":{"@id":"https://grow-tdc.com/portfolio/de-pro/#primaryimage"},"thumbnailUrl":"https://grow-tdc.com/wp-content/uploads/2023/08/depro-cava.jpg","datePublished":"2023-08-18T14:16:02+00:00","dateModified":"2024-08-28T08:28:34+00:00","description":"Diseño etiqueta de Pró de la Denominación de Origen Cava. Restyling de la gama de Pró. De Pró Brut, Brut Nature y Brut Organic. El restyling del cava De Pró ha sido todo un reto. Con el lema 'convierte cada ocasión en una celebración' hemos conseguido transmitir la elegancia y la delicadeza de este vino espumoso y refrescante.","breadcrumb":{"@id":"https://grow-tdc.com/portfolio/de-pro/#breadcrumb"},"inLanguage":"en-US","potentialAction":[{"@type":"ReadAction","target":["https://grow-tdc.com/portfolio/de-pro/"]}]},{"@type":"ImageObject","inLanguage":"en-US","@id":"https://grow-tdc.com/portfolio/de-pro/#primaryimage","url":"https://grow-tdc.com/wp-content/uploads/2023/08/depro-cava.jpg","contentUrl":"https://grow-tdc.com/wp-content/uploads/2023/08/depro-cava.jpg","width":1134,"height":825,"caption":"Diseño etiqueta cava"},{"@type":"BreadcrumbList","@id":"https://grow-tdc.com/portfolio/de-pro/#breadcrumb","itemListElement":[{"@type":"ListItem","position":1,"name":"Home","item":"https://grow-tdc.com/en/"},{"@type":"ListItem","position":2,"name":"Portfolio","item":"https://grow-tdc.com/en/portfolio/"},{"@type":"ListItem","position":3,"name":"de Pró Cava"}]},{"@type":"WebSite","@id":"https://grow-tdc.com/#website","url":"https://grow-tdc.com/","name":"Grow - Diseño de etiquetas de vino","description":"Estudio de diseño especializado en el mundo del vino y gourmet","publisher":{"@id":"https://grow-tdc.com/#organization"},"potentialAction":[{"@type":"SearchAction","target":{"@type":"EntryPoint","urlTemplate":"https://grow-tdc.com/?s={search_term_string}"},"query-input":{"@type":"PropertyValueSpecification","valueRequired":true,"valueName":"search_term_string"}}],"inLanguage":"en-US"},{"@type":"Organization","@id":"https://grow-tdc.com/#organization","name":"Grow Disseny i Comunicació S.L.","url":"https://grow-tdc.com/","logo":{"@type":"ImageObject","inLanguage":"en-US","@id":"https://grow-tdc.com/#/schema/logo/image/","url":"https://grow-tdc.com/wp-content/uploads/2022/01/logo-grow.svg","contentUrl":"https://grow-tdc.com/wp-content/uploads/2022/01/logo-grow.svg","width":"1024","height":"1024","caption":"Grow Disseny i Comunicació S.L."},"image":{"@id":"https://grow-tdc.com/#/schema/logo/image/"},"sameAs":["https://www.instagram.com/growdissenyicomunicacio/","https://www.pinterest.es/growtdc/"]}]}</script>
<!-- / Yoast SEO plugin. -->

Diseño etiqueta de Cava de Pró

Diseño etiqueta de Pró de la Denominación de Origen Cava. Restyling de la gama de Pró. De Pró Brut, Brut Nature y Brut Organic. El restyling del cava De Pró ha sido todo un reto. Con el lema 'convierte cada ocasión en una celebración' hemos conseguido transmitir la elegancia y la delicadeza de este vino espumoso y refrescante.

Diseño etiqueta cava

Grow - Diseño de etiquetas de vino

Estudio de diseño especializado en el mundo del vino y gourmet

Grow Disseny i Comunicació S.L.
